{"id":359,"date":"2023-01-31T11:39:47","date_gmt":"2023-01-31T11:39:47","guid":{"rendered":"https:\/\/inesmatijeviccakic.com\/eng\/radovi-2\/"},"modified":"2023-06-26T09:20:25","modified_gmt":"2023-06-26T09:20:25","slug":"biography","status":"publish","type":"page","link":"https:\/\/inesmatijeviccakic.com\/eng\/biography\/","title":{"rendered":"Biography"},"content":{"rendered":"\t\t<div data-elementor-type=\"wp-page\" data-elementor-id=\"359\" class=\"elementor elementor-359\">\n\t\t\t\t\t\t\t\t\t<section class=\"elementor-section elementor-top-section elementor-element elementor-element-a79f829 elementor-section-full_width elementor-section-height-min-height elementor-section-height-default elementor-section-items-middle\" data-id=\"a79f829\" data-element_type=\"section\" data-settings=\"{&quot;background_background&quot;:&quot;classic&quot;,&quot;sticky&quot;:&quot;top&quot;,&quot;sticky_on&quot;:[&quot;widescreen&quot;,&quot;desktop&quot;,&quot;laptop&quot;,&quot;tablet&quot;,&quot;mobile&quot;],&quot;sticky_offset&quot;:0,&quot;sticky_effects_offset&quot;:0}\">\n\t\t\t\t\t\t\t<div class=\"elementor-background-overlay\"><\/div>\n\t\t\t\t\t\t\t<div class=\"elementor-container elementor-column-gap-default\">\n\t\t\t\t\t<div class=\"elementor-column elementor-col-100 elementor-top-column elementor-element elementor-element-9adbbc6\" data-id=\"9adbbc6\" data-element_type=\"column\">\n\t\t\t<div class=\"elementor-widget-wrap elementor-element-populated\">\n\t\t\t\t\t\t\t\t<div class=\"elementor-element elementor-element-4094287 elementor-widget__width-auto elementor-view-default elementor-widget elementor-widget-icon\" data-id=\"4094287\" data-element_type=\"widget\" data-widget_type=\"icon.default\">\n\t\t\t\t<div class=\"elementor-widget-container\">\n\t\t\t\t\t<div class=\"elementor-icon-wrapper\">\n\t\t\t<a class=\"elementor-icon\" href=\"#elementor-action%3Aaction%3Dpopup%3Aopen%26settings%3DeyJpZCI6IjE0MiIsInRvZ2dsZSI6ZmFsc2V9\">\n\t\t\t<i aria-hidden=\"true\" class=\"fas fa-bars\"><\/i>\t\t\t<\/a>\n\t\t<\/div>\n\t\t\t\t<\/div>\n\t\t\t\t<\/div>\n\t\t\t\t<div class=\"elementor-element elementor-element-8fd2a57 elementor-widget__width-auto elementor-widget elementor-widget-heading\" data-id=\"8fd2a57\" data-element_type=\"widget\" data-widget_type=\"heading.default\">\n\t\t\t\t<div class=\"elementor-widget-container\">\n\t\t\t<style>\/*! elementor - v3.9.2 - 21-12-2022 *\/\n.elementor-heading-title{padding:0;margin:0;line-height:1}.elementor-widget-heading .elementor-heading-title[class*=elementor-size-]>a{color:inherit;font-size:inherit;line-height:inherit}.elementor-widget-heading .elementor-heading-title.elementor-size-small{font-size:15px}.elementor-widget-heading .elementor-heading-title.elementor-size-medium{font-size:19px}.elementor-widget-heading .elementor-heading-title.elementor-size-large{font-size:29px}.elementor-widget-heading .elementor-heading-title.elementor-size-xl{font-size:39px}.elementor-widget-heading .elementor-heading-title.elementor-size-xxl{font-size:59px}<\/style><h2 class=\"elementor-heading-title elementor-size-default\"><a href=\"https:\/\/inesmatijeviccakic.com\/eng\">INES MATIJEVI\u0106 CAKI\u0106<\/a><\/h2>\t\t<\/div>\n\t\t\t\t<\/div>\n\t\t\t\t<div class=\"elementor-element elementor-element-f432a30 elementor-widget__width-auto elementor-widget elementor-widget-heading\" data-id=\"f432a30\" data-element_type=\"widget\" data-widget_type=\"heading.default\">\n\t\t\t\t<div class=\"elementor-widget-container\">\n\t\t\t<h2 class=\"elementor-heading-title elementor-size-default\">\/ Biography<\/h2>\t\t<\/div>\n\t\t\t\t<\/div>\n\t\t\t\t\t<\/div>\n\t\t<\/div>\n\t\t\t\t\t\t\t<\/div>\n\t\t<\/section>\n\t\t\t\t<section class=\"elementor-section elementor-top-section elementor-element elementor-element-0dbeade elementor-section-boxed elementor-section-height-default elementor-section-height-default\" data-id=\"0dbeade\" data-element_type=\"section\">\n\t\t\t\t\t\t<div class=\"elementor-container elementor-column-gap-default\">\n\t\t\t\t\t<div class=\"elementor-column elementor-col-100 elementor-top-column elementor-element elementor-element-3decea8\" data-id=\"3decea8\" data-element_type=\"column\">\n\t\t\t<div class=\"elementor-widget-wrap elementor-element-populated\">\n\t\t\t\t\t\t\t\t<div class=\"elementor-element elementor-element-d38d004 elementor-widget elementor-widget-image\" data-id=\"d38d004\" data-element_type=\"widget\" data-widget_type=\"image.default\">\n\t\t\t\t<div class=\"elementor-widget-container\">\n\t\t\t<style>\/*! elementor - v3.9.2 - 21-12-2022 *\/\n.elementor-widget-image{text-align:center}.elementor-widget-image a{display:inline-block}.elementor-widget-image a img[src$=\".svg\"]{width:48px}.elementor-widget-image img{vertical-align:middle;display:inline-block}<\/style>\t\t\t\t\t\t\t\t\t\t\t\t<img decoding=\"async\" width=\"2560\" height=\"1920\" src=\"https:\/\/inesmatijeviccakic.com\/eng\/wp-content\/uploads\/2023\/01\/ines_matijevic_cakis_naslovna_kompres-scaled.jpeg\" class=\"attachment-full size-full wp-image-221\" alt=\"\" loading=\"lazy\" srcset=\"https:\/\/inesmatijeviccakic.com\/eng\/wp-content\/uploads\/2023\/01\/ines_matijevic_cakis_naslovna_kompres-scaled.jpeg 2560w, https:\/\/inesmatijeviccakic.com\/eng\/wp-content\/uploads\/2023\/01\/ines_matijevic_cakis_naslovna_kompres-300x225.jpeg 300w, https:\/\/inesmatijeviccakic.com\/eng\/wp-content\/uploads\/2023\/01\/ines_matijevic_cakis_naslovna_kompres-1024x768.jpeg 1024w, https:\/\/inesmatijeviccakic.com\/eng\/wp-content\/uploads\/2023\/01\/ines_matijevic_cakis_naslovna_kompres-768x576.jpeg 768w, https:\/\/inesmatijeviccakic.com\/eng\/wp-content\/uploads\/2023\/01\/ines_matijevic_cakis_naslovna_kompres-1536x1152.jpeg 1536w, https:\/\/inesmatijeviccakic.com\/eng\/wp-content\/uploads\/2023\/01\/ines_matijevic_cakis_naslovna_kompres-2048x1536.jpeg 2048w\" sizes=\"(max-width: 2560px) 100vw, 2560px\" \/>\t\t\t\t\t\t\t\t\t\t\t\t\t\t\t<\/div>\n\t\t\t\t<\/div>\n\t\t\t\t<div class=\"elementor-element elementor-element-8acaca0 elementor-widget elementor-widget-text-editor\" data-id=\"8acaca0\" data-element_type=\"widget\" data-widget_type=\"text-editor.default\">\n\t\t\t\t<div class=\"elementor-widget-container\">\n\t\t\t<style>\/*! elementor - v3.9.2 - 21-12-2022 *\/\n.elementor-widget-text-editor.elementor-drop-cap-view-stacked .elementor-drop-cap{background-color:#818a91;color:#fff}.elementor-widget-text-editor.elementor-drop-cap-view-framed .elementor-drop-cap{color:#818a91;border:3px solid;background-color:transparent}.elementor-widget-text-editor:not(.elementor-drop-cap-view-default) .elementor-drop-cap{margin-top:8px}.elementor-widget-text-editor:not(.elementor-drop-cap-view-default) .elementor-drop-cap-letter{width:1em;height:1em}.elementor-widget-text-editor .elementor-drop-cap{float:left;text-align:center;line-height:1;font-size:50px}.elementor-widget-text-editor .elementor-drop-cap-letter{display:inline-block}<\/style>\t\t\t\t<p>In her art practice, Ines Matijevi\u0107 Caki\u0107 explores the issues of identity, subjectivity and cultural heritage. Her most recent works focus on the subjectivity of time, motherhood and private space. The figurative content of her art, most often in the form of drawings and prints, is a reflection and interpretation of personal experience in the encounter with psychoanalysis, feminist philosophy, and the \u201cother\u201d.<\/p><p>Ines Matijevi\u0107 Caki\u0107 was born on January 17, 1982. She graduated from High School of Applied Arts and Design in Zagreb in 2000, after which she enrolled in the Academy of Fine Arts in Zagreb, with printmaking as her major. She graduated in 2005 under professor Ante Kuduz. Matijevi\u0107 Caki\u0107 received her doctoral degree in painting from the Zagreb Academy of Fine Arts in 2016, having studied under professor Ante Ra\u0161i\u0107 and associate professor Lena \u0160imi\u0107. As a CEEPUS grant winner in 2003, she spent one semester at the Indiana University in Pennsylvania (IUP, Indiana, PA, USA). From 2006 to 2011 she was a teaching assistant at the Osijek Faculty of Teacher Education, and since 2011 she has been working at the Osijek Academy of Arts and Culture, where she holds printmaking and drawing courses at the undergraduate study program of Fine Arts, in the position of associate professor. Since 2006, she has been working as an external associate at the Osijek Faculty of Civil Engineering and Architecture, teaching drawing at the undergraduate study of Architecture and Urban Planning. Matijevi\u0107 Caki\u0107 is a member of the council of the Doctoral School of the Josip Juraj Strossmayer University of Osijek, where she teaches at the postgraduate interdisciplinary study program Culture and Art.<br \/><br \/>Matijevi\u0107 Caki\u0107 has presented her work at thirteen solo and more than a hundred group exhibitions, both in Croatia and abroad, to mention a few: House Without Foundation, Museum of Modern and Contemporary Art Rijeka (2022); Martixial Stories, Museum of Fine Arts Osijek and PM Gallery in Zagreb (2014) (solo exhibitions); and 54th Zagreb Salon, HDLU, Zagreb (2019); Collection for the Future \/ Acquisitions 2009\u20132019, Museum of Contemporary Art Zagreb (2019); HTnagrada, Museum of Contemporary Art Zagreb (2017); Exporting Zagreb, National Museum Gdansk, Poland (2016); T-HTnagrada@msu.hr, Museum of Contemporary Art Zagreb (2010); Acquisitions, Museum of Contemporary Art Zagreb (2009); 28th International Printmaking Biennale, Tivoli Gallery, Ljubljana, Slovenia (2009) (group exhibitions).<br \/>The artworks of Ines Matijevi\u0107 Caki\u0107 are in the following museum holdings and collections: The Museum of Contemporary Art Zagreb, the Museum of Modern and Contemporary Art Rijeka, the Museum of Fine Arts Osijek, the Department of Prints and Drawings of the Croatian Academy of Sciences and Arts, Lauba Collection in Zagreb and the Cerin Antoni\u0107 Collection in Zagreb.<br \/><br \/>She received many recognitions for her art, among others: an award of the Museum of Modern and Contemporary Art Rijeka; an award at the 54th Zagreb Salon, for the work Still Life (2019); an award of the Museum of Contemporary Art Zagreb; the third prize at the Hrvatski Telekom Awards, for the work Portrait with Hair (2017); an award of the Museum of Modern and Contemporary Art Rijeka of the 5th Croatian Printmaking Triennial; for the work 2nd Anamorphosis (2009); Grand Prix for the work Time Interventions, at the 21st Slavonian Biennale (2008); Grand Prix for the work Anamorphosis, Erste &amp; Steiermarkische Bank Award (2008); Special Award for the work Music Boxes, 3rd International Biennale of Experimental Printmaking, the Brancovan Palaces, Bucharest, Romania (2008); Ex Aequo Award for the work Suzana with Old Men, 20th Slavonian Biennale, Osijek (2006). In 2007, Ines Matijevi\u0107 Caki\u0107 was a finalist of the Radoslav Putar Award in Zagreb.<\/p>\t\t\t\t\t\t<\/div>\n\t\t\t\t<\/div>\n\t\t\t\t\t<\/div>\n\t\t<\/div>\n\t\t\t\t\t\t\t<\/div>\n\t\t<\/section>\n\t\t\t\t\t\t\t<\/div>\n\t\t","protected":false},"excerpt":{"rendered":"<p>biography biography biography biography biography biography INES MATIJEVI\u0106 CAKI\u0106 \/ Biography In her art practice, Ines Matijevi\u0107 Caki\u0107 explores the issues of identity, subjectivity and cultural heritage. Her most recent works focus on the subjectivity of time, motherhood and private space. The figurative content of her art, most often in the form of drawings and [&hellip;]<\/p>\n","protected":false},"author":1,"featured_media":0,"parent":0,"menu_order":0,"comment_status":"closed","ping_status":"closed","template":"elementor_canvas","meta":[],"yoast_head":"<!-- This site is optimized with the Yoast SEO plugin v19.14 - https:\/\/yoast.com\/wordpress\/plugins\/seo\/ -->\n<title>Biography - Ines Matijevi\u0107 Caki\u0107<\/title>\n<meta name=\"robots\" content=\"index, follow, max-snippet:-1, max-image-preview:large, max-video-preview:-1\" \/>\n<link rel=\"canonical\" href=\"https:\/\/inesmatijeviccakic.com\/eng\/biography\/\" \/>\n<meta property=\"og:locale\" content=\"en_US\" \/>\n<meta property=\"og:type\" content=\"article\" \/>\n<meta property=\"og:title\" content=\"Biography - Ines Matijevi\u0107 Caki\u0107\" \/>\n<meta property=\"og:description\" content=\"biography biography biography biography biography biography INES MATIJEVI\u0106 CAKI\u0106 \/ Biography In her art practice, Ines Matijevi\u0107 Caki\u0107 explores the issues of identity, subjectivity and cultural heritage. Her most recent works focus on the subjectivity of time, motherhood and private space. The figurative content of her art, most often in the form of drawings and [&hellip;]\" \/>\n<meta property=\"og:url\" content=\"https:\/\/inesmatijeviccakic.com\/eng\/biography\/\" \/>\n<meta property=\"og:site_name\" content=\"Ines Matijevi\u0107 Caki\u0107\" \/>\n<meta property=\"article:modified_time\" content=\"2023-06-26T09:20:25+00:00\" \/>\n<meta property=\"og:image\" content=\"https:\/\/inesmatijeviccakic.com\/eng\/wp-content\/uploads\/2023\/01\/ines_matijevic_cakis_naslovna_kompres-scaled.jpeg\" \/>\n<meta name=\"twitter:card\" content=\"summary_large_image\" \/>\n<meta name=\"twitter:label1\" content=\"Est. reading time\" \/>\n\t<meta name=\"twitter:data1\" content=\"3 minutes\" \/>\n<script type=\"application\/ld+json\" class=\"yoast-schema-graph\">{\"@context\":\"https:\/\/schema.org\",\"@graph\":[{\"@type\":\"WebPage\",\"@id\":\"https:\/\/inesmatijeviccakic.com\/eng\/biography\/\",\"url\":\"https:\/\/inesmatijeviccakic.com\/eng\/biography\/\",\"name\":\"Biography - Ines Matijevi\u0107 Caki\u0107\",\"isPartOf\":{\"@id\":\"https:\/\/inesmatijeviccakic.com\/eng\/#website\"},\"datePublished\":\"2023-01-31T11:39:47+00:00\",\"dateModified\":\"2023-06-26T09:20:25+00:00\",\"breadcrumb\":{\"@id\":\"https:\/\/inesmatijeviccakic.com\/eng\/biography\/#breadcrumb\"},\"inLanguage\":\"en-US\",\"potentialAction\":[{\"@type\":\"ReadAction\",\"target\":[\"https:\/\/inesmatijeviccakic.com\/eng\/biography\/\"]}]},{\"@type\":\"BreadcrumbList\",\"@id\":\"https:\/\/inesmatijeviccakic.com\/eng\/biography\/#breadcrumb\",\"itemListElement\":[{\"@type\":\"ListItem\",\"position\":1,\"name\":\"Naslovna\",\"item\":\"https:\/\/inesmatijeviccakic.com\/eng\/\"},{\"@type\":\"ListItem\",\"position\":2,\"name\":\"Biography\"}]},{\"@type\":\"WebSite\",\"@id\":\"https:\/\/inesmatijeviccakic.com\/eng\/#website\",\"url\":\"https:\/\/inesmatijeviccakic.com\/eng\/\",\"name\":\"Ines Matijevi\u0107 Caki\u0107\",\"description\":\"Ines Matijevi\u0107 Caki\u0107\",\"potentialAction\":[{\"@type\":\"SearchAction\",\"target\":{\"@type\":\"EntryPoint\",\"urlTemplate\":\"https:\/\/inesmatijeviccakic.com\/eng\/?s={search_term_string}\"},\"query-input\":\"required name=search_term_string\"}],\"inLanguage\":\"en-US\"}]}<\/script>\n<!-- \/ Yoast SEO plugin. -->","yoast_head_json":{"title":"Biography - Ines Matijevi\u0107 Caki\u0107","robots":{"index":"index","follow":"follow","max-snippet":"max-snippet:-1","max-image-preview":"max-image-preview:large","max-video-preview":"max-video-preview:-1"},"canonical":"https:\/\/inesmatijeviccakic.com\/eng\/biography\/","og_locale":"en_US","og_type":"article","og_title":"Biography - Ines Matijevi\u0107 Caki\u0107","og_description":"biography biography biography biography biography biography INES MATIJEVI\u0106 CAKI\u0106 \/ Biography In her art practice, Ines Matijevi\u0107 Caki\u0107 explores the issues of identity, subjectivity and cultural heritage. Her most recent works focus on the subjectivity of time, motherhood and private space. The figurative content of her art, most often in the form of drawings and [&hellip;]","og_url":"https:\/\/inesmatijeviccakic.com\/eng\/biography\/","og_site_name":"Ines Matijevi\u0107 Caki\u0107","article_modified_time":"2023-06-26T09:20:25+00:00","og_image":[{"url":"https:\/\/inesmatijeviccakic.com\/eng\/wp-content\/uploads\/2023\/01\/ines_matijevic_cakis_naslovna_kompres-scaled.jpeg"}],"twitter_card":"summary_large_image","twitter_misc":{"Est. reading time":"3 minutes"},"schema":{"@context":"https:\/\/schema.org","@graph":[{"@type":"WebPage","@id":"https:\/\/inesmatijeviccakic.com\/eng\/biography\/","url":"https:\/\/inesmatijeviccakic.com\/eng\/biography\/","name":"Biography - Ines Matijevi\u0107 Caki\u0107","isPartOf":{"@id":"https:\/\/inesmatijeviccakic.com\/eng\/#website"},"datePublished":"2023-01-31T11:39:47+00:00","dateModified":"2023-06-26T09:20:25+00:00","breadcrumb":{"@id":"https:\/\/inesmatijeviccakic.com\/eng\/biography\/#breadcrumb"},"inLanguage":"en-US","potentialAction":[{"@type":"ReadAction","target":["https:\/\/inesmatijeviccakic.com\/eng\/biography\/"]}]},{"@type":"BreadcrumbList","@id":"https:\/\/inesmatijeviccakic.com\/eng\/biography\/#breadcrumb","itemListElement":[{"@type":"ListItem","position":1,"name":"Naslovna","item":"https:\/\/inesmatijeviccakic.com\/eng\/"},{"@type":"ListItem","position":2,"name":"Biography"}]},{"@type":"WebSite","@id":"https:\/\/inesmatijeviccakic.com\/eng\/#website","url":"https:\/\/inesmatijeviccakic.com\/eng\/","name":"Ines Matijevi\u0107 Caki\u0107","description":"Ines Matijevi\u0107 Caki\u0107","potentialAction":[{"@type":"SearchAction","target":{"@type":"EntryPoint","urlTemplate":"https:\/\/inesmatijeviccakic.com\/eng\/?s={search_term_string}"},"query-input":"required name=search_term_string"}],"inLanguage":"en-US"}]}},"_links":{"self":[{"href":"https:\/\/inesmatijeviccakic.com\/eng\/wp-json\/wp\/v2\/pages\/359"}],"collection":[{"href":"https:\/\/inesmatijeviccakic.com\/eng\/wp-json\/wp\/v2\/pages"}],"about":[{"href":"https:\/\/inesmatijeviccakic.com\/eng\/wp-json\/wp\/v2\/types\/page"}],"author":[{"embeddable":true,"href":"https:\/\/inesmatijeviccakic.com\/eng\/wp-json\/wp\/v2\/users\/1"}],"replies":[{"embeddable":true,"href":"https:\/\/inesmatijeviccakic.com\/eng\/wp-json\/wp\/v2\/comments?post=359"}],"version-history":[{"count":39,"href":"https:\/\/inesmatijeviccakic.com\/eng\/wp-json\/wp\/v2\/pages\/359\/revisions"}],"predecessor-version":[{"id":716,"href":"https:\/\/inesmatijeviccakic.com\/eng\/wp-json\/wp\/v2\/pages\/359\/revisions\/716"}],"wp:attachment":[{"href":"https:\/\/inesmatijeviccakic.com\/eng\/wp-json\/wp\/v2\/media?parent=359"}],"curies":[{"name":"wp","href":"https:\/\/api.w.org\/{rel}","templated":true}]}}